hat is 101011102201222 (base 3) in base 13?
1171895
Convert 3256250 (base 8) to base 4.
3111302220
Convert -11100111110011111110011 (base 2) to base 14.
-101a32b
1553052 (base 13) to base 2
11010000100001001100001
Convert 24203005 (base 6) to base 9.
1382205
What is -489880 (base 12) in base 9?
-2184836
Convert 3565113 (base 10) to base 5.
1403040423
-1024201 (base 8) to base 12
-111855
What is -31116444 (base 7) in base 13?
-704b59
What is -43646032 (base 7) in base 12?
-131387a
What is 442114 (base 5) in base 16?
3bb4
What is 311c (base 13) in base 4?
1222001
What is 21b7b43 (base 12) in base 4?
120221302203
Convert 745373 (base 8) to base 2.
111100101011111011
Convert 358668 (base 12) to base 14.
1872da
3240442 (base 5) to base 4
31213003
Convert 110652 (base 9) to base 10.
66143
Convert 1626342 (base 8) to base 4.
1302303202
What is -2122000012112 (base 3) in base 8?
-5251612
-16ab3 (base 14) to base 3
-2220012000
What is 56211710 (base 8) in base 9?
24736145
What is 11011000111000100 (base 2) in base 14?
2c67a
Convert -4881274 (base 9) to base 7.
-31352422
What is -11c2108 (base 14) in base 16?
-82381c
Convert 590ab (base 13) to base 3.
22021012122
Convert 7a5d83 (base 16) to base 2.
11110100101110110000011
What is a61211 (base 11) in base 4?
12133001211
What is 2ba47 (base 13) in base 9?
135814
-30142012 (base 6) to base 4
-3100103120
What is 2a8e7 (base 15) in base 13?
4a49a
Convert -2367250 (base 8) to base 16.
-9eea8
Convert -b8cb09 (base 13) to base 14.
-80dd95
What is -93276 (base 11) in base 3?
-20220200021
Convert 10112101002 (base 3) to base 14.
1b4a3
-1212405 (base 6) to base 7
-354560
Convert 36880 (base 11) to base 12.
26799
What is -10110101110011000 (base 2) in base 15?
-1c8a5
What is 55553252 (base 8) in base 3?
211112202220112
Convert 897802 (base 16) to base 7.
136401520
-23100313 (base 5) to base 3
-101111000222
322522123 (base 6) to base 16
577e63
Convert -1432221222 (base 5) to base 3.
-21010111110000
What is -3030604 (base 7) in base 9?
-608387
389596 (base 10) to base 11
246789
What is -44013141 (base 5) in base 15?
-7664b
What is 10002102200 (base 3) in base 12?
2b246
Convert 6108927 (base 10) to base 5.
3030441202
Convert 201434040 (base 5) to base 3.
1112020112120
1123455 (base 6) to base 15
1221b
-2637064 (base 10) to base 4
-22003310020
What is 63016 (base 11) in base 3?
11200000002
What is -20221202010110 (base 3) in base 4?
-32012030202
What is -3010422 (base 5) in base 13?
-18896
Convert 2563407 (base 11) to base 9.
8317448
What is 1084b1 (base 13) in base 7?
3212056
Convert -153595 (base 12) to base 2.
-1010111100010000001
What is 1212962 (base 10) in base 12?
4a5b42
What is 40ac (base 16) in base 4?
10002230
-14c813 (base 14) to base 2
-10110001001111110001
What is 51ea8 (base 16) in base 7?
2565134
Convert -104711 (base 12) to base 15.
-5112a
Convert 1111101011110010 (base 2) to base 13.
23319
What is 42227351 (base 8) in base 5?
4300143231
-11101110111100010100 (base 2) to base 13
-283623
Convert 2440242 (base 5) to base 11.
31891
What is -115140550 (base 6) in base 9?
-4132053
What is 52304252 (base 6) in base 15?
1ee878
Convert -11011010000010011110 (base 2) to base 9.
-1611067
What is 1451c (base 15) in base 8?
177375
-3307216 (base 10) to base 2
-1100100111011011010000
What is 78ec66 (base 15) in base 5?
2434130141
What is 4eed (base 15) in base 4?
10013221
Convert -a1c7a (base 13) to base 11.
-188919
What is 8d543 (base 15) in base 5?
103400223
What is -213454 (base 7) in base 14?
-d82b
220111200100 (base 3) to base 13
13b72c
-412321131 (base 5) to base 13
-46bb7b
Convert 22093 (base 13) to base 12.
2b804
What is 44323400 (base 5) in base 16?
5e434
What is -121355222 (base 7) in base 4?
-130331330333
Convert -4026814 (base 9) to base 13.
-5a0ac0
What is -20588 (base 13) in base 7?
-331220
Convert 685423 (base 14) to base 2.
1101100010011010000111
Convert -30023224 (base 6) to base 11.
-526508
Convert -212314 (base 7) to base 11.
-25769
Convert -2021101212 (base 3) to base 8.
-127332
What is -ee981 (base 16) in base 3?
-1211122120121
Convert -2b50d6 (base 14) to base 9.
-2754226
164a31 (base 11) to base 12
103a09
What is 100101111010101000111 (base 2) in base 13?
346693
-29006 (base 15) to base 13
-47bb6
What is -321310101 (base 5) in base 12?
-553528
1021104321 (base 5) to base 8
10075507
24326425 (base 9) to base 15
109beb2
-11265 (base 15) to base 8
-152421
Convert 66062 (base 10) to base 6.
1225502
-32210001 (base 4) to base 14
-17a49
What is -1102001201222 (base 3) in base 9?
-1361658
Convert 23344442 (base 5) to base 8.
645106
Convert -1beaae (base 15) to base 13.
-38a944
Convert -9c01 (base 16) to base 9.
-60704
27b60 (base 12) to base 14
161a8
What is -1021244343 (base 5) in base 15?
-2c25ed
-11033023 (base 4) to base 2
-101001111001011
What is -1466729 (base 10) in base 2?
-101100110000101101001
What is 13430431 (base 7) in base 12?
504057
-681949 (base 14) to base 6
-203503313
What is -155041530 (base 7) in base 5?
-10140342344
1257210 (base 8) to base 4
1111322020
Convert 85 (base 14) to base 10.
117
-240a26a (base 11) to base 2
-10000000001100111111010
21b95 (base 12) to base 14
1250d
-19a881 (base 11) to base 10
-307187
Convert -11a848 (base 11) to base 9.
-318585
What is -1101000101100000101 (base 2) in base 6?
-13105113
Convert 128643 (base 11) to base 16.
3141a
-17cd55 (base 16) to base 14
-2c868d
What is 7705 (base 11) in base 14?
39c5
What is 3617067 (base 9) in base 3?
10200121002021
-1b9c995 (base 13) to base 3
-122022012122212
-3524140 (base 7) to base 3
-211112000001
Convert -640c2 (base 13) to base 5.
-21232222
110210001 (base 4) to base 15
19e50
Convert c6153 (base 13) to base 9.
602483
-2212430 (base 6) to base 10
-110754
Convert -12a8324 (base 12) to base 7.
-43331413
Convert 1346450 (base 9) to base 15.
e9200
-1a026 (base 11) to base 6
-333311
Convert -86a621 (base 12) to base 6.
-113420041
Convert -203110221 (base 4) to base 3.
-21100110120
What is -1523c9 (base 14) in base 10?
-736157
What is -355728 (base 9) in base 14?
-580b4
5de48 (base 16) to base 11
242a42
5041275 (base 9) to base 6
133311452
What is -b984 (base 16) in base 9?
-72128
256461 (base 12) to base 7
5130211
What is 1100101111100 (base 2) in base 10?
6524
Convert -2143401241 (base 5) to base 3.
-22210012120221
Convert -613733 (base 8) to base 5.
-22441330
102002201122011 (base 3) to base 10
5899531
10011001001001010110 (base 2) to base 16
99256
Convert 168444 (base 13) to base 14.
108611
What is -3b7012 (base 14) in base 3?
-10212102022012
What is 54db4b (base 14) in base 2?
1010111111010010100111
Convert -234425221 (base 6) to base 2.
-10000110111001110101101
Convert 188a86 (base 12) to base 15.
87676
What is 1263735 (base 8) in base 2?
1010110011111011101
20434242 (base 5) to base 4
221302331
-1106a35 (base 15) to base 3
-211220102121012
-1000212221122 (base 3) to base 11
-345440
What is -38693 (base 12) in base 10?
-77007
-11111011100110110011 (base 2) to base 10
-1030579
Convert 20822 (base 10) to base 15.
6282
223732 (base 9) to base 15
29a88
What is 4421332 (base 5) in base 9?
125803
-6a10005 (base 11) to base 9
-25047035
97011 (base 12) to base 3
101002121111
What is -a23db (base 14) in base 2?
-1011111010100011101
-6edd2 (base 16) to base 13
-12b8c8
27372d (base 14) to base 3
2112210121202
Convert -11011110101000010111100 (base 2) to base 6.
-420205524
-130121113 (base 4) to base 5
-12210221
-1310130221 (base 4) to base 8
-1643451
1486953 (base 10) to base 16
16b069
-4858118 (base 11) to base 12
-29bb071
1011000110010101 (base 2) to base 5
2423321
Convert -110011101100100001001 (base 2) to base 6.
-100150225
-1602242 (base 10) to base 7
-16422155
64826 (base 15) to base 7
2466165
What is 12221301232 (base 4) in base 12?
7012ba
Convert -d30d6 (base 16) to base 12.
-358332
-132222212002 (base 4) to base 13
-1885ca2
What is 3b8aa (base 12) in base 5?
10114443
What is -1212011001 (base 3) in base 11?
-25516
Convert 51502a2 (base 12) to base 14.
205b798
What is 2100000021010 (base 3) in base 10?
1240221
2560705 (base 9) to base 12
575095
-2a144c (base 15) to base 4
-13233130203
Convert -230404421 (base 6) to base 15.
-588a2a
Convert -133952 (base 10) to base 9.
-223665
38a5d (base 15) to base 11
1141